i = 42 - l. Is i prime?
False
Is (-1)/(((-28)/(-6068))/(-7)) a composite number?
True
Is 12/((-16)/(-2) - 6) + 215 a composite number?
True
Is 28587/21 - 4/14 a prime number?
True
Suppose -4*a = 3*j - 2, -j - 4*j = -3*a + 45. Is ((-6568)/12)/(j/9) prime?
True
Let t(h) = 25*h**2 - 12*h + 33. Is t(8) a prime number?
False
Suppose 0 = -0*c - 5*c + 15. Let d = -129 + 213. Suppose d + 9 = c*b. Is b prime?
True
Is ((-30986)/(-10))/(396/(-45) + 9) prime?
True
Let b(k) = k**2 - 3*k + 15. Let x be b(-6). Suppose -2*d - d = -69. Let h = x - d. Is h a prime number?
False
Let k(s) = 454*s**3 + 2*s**2 - 2*s + 1. Let c be k(1). Suppose 7*p - 12*p = c. Let o = 150 + p. Is o a prime number?
True
Let z(o) = 62*o**2 + 4*o - 27. Let r be 8/(-8)*(-5 + 0). Is z(r) a composite number?
False
Let w(b) = 38*b**2 - 4*b + 5. Let a = -3 + 4. Suppose x - a = 0, 5*i + x + x = 12. Is w(i) a prime number?
True
Let y be 3*(-5)/15 - (-13785)/3. Suppose -o + f + 1702 - 546 = 0, -4*o + y = 2*f. Is o prime?
True
Suppose -3*a - 199696 = -5*f, -20*a - 119814 = -3*f - 17*a. Is f prime?
False
Let c be (-2)/(-12)*9*(-12606)/(-9). Suppose -2*l = -k - k - 4212, l + 4*k = c. Is l prime?
False
Let p = -7 + 5. Let x(y) = 3*y + 2. Let v be x(p). Is -5*7*v/10 a prime number?
False
Let u = 70491 - 35134. Is u prime?
False
Let h be (2 + 4 + -1)/(-2 - -1). Is (1051 + 3 + h)/(-1 + 2) a composite number?
False
Let u(m) be the third derivative of -5/8*m**4 + 0 + 0*m + 3*m**2 + 1/3*m**3. Is u(-8) a composite number?
True
Suppose -5*o + 36 - 16 = 0. Suppose 1525 - 481 = 4*g - o*a, 2*a = -4*g + 1014. Let f = g + -137. Is f prime?
False
Let n = 43538 - 10431. Is n prime?
True
Suppose 0 = -9*k - 55 - 26. Let y(h) = -789*h + 32. Is y(k) a composite number?
True
Let r(s) = 3*s + 10. Let h be r(0). Let t(p) = 60*p + 13. Is t(h) a prime number?
True
Let g(a) = 5*a**2 + 45*a + 29. Is g(-14) prime?
True
Suppose -2*n - 1336 = 3*b, -2*n + n - 678 = 4*b. Let a be (-132)/(-18) - (-3)/(18/4). Is (n/a)/(12/(-48)) a composite number?
False
Let v(q) = -q + 1. Let m(d) = 69*d**2 - 4*d - 16. Let g(i) = m(i) - 2*v(i). Is g(-7) prime?
False
Let x(m) = -3*m + 20. Let a be x(6). Suppose 310 = a*j + 4*f, -3*f + 160 = 2*j - j. Is j a prime number?
False
Suppose z = -3*h + 236, 0*z = -2*z + 4*h + 452. Let k = -19 + z. Is k composite?
False
Suppose -13*h + 18*h - 137694 = -2*w, -4*w + 5*h = -275448. Is w a prime number?
False
Suppose 615 = 3*b + 234. Is b composite?
False
Suppose -3 = -4*l + 3*a, -4*l + 2*a = -3*l - 7. Let r(v) = -38*v**2 + 14*v - 3. Let t(q) = 25*q**2 - 9*q + 2. Let i(o) = 5*r(o) + 8*t(o). Is i(l) prime?
True
Let f be (8/(-3))/((-6)/9). Suppose -1360 = p + f*p. Let z = p - -463. Is z a composite number?
False
Suppose -3*d + 17 = 2. Let n be (-5 - -6)*(d - 0). Suppose -n*o = -2*t + 274, 2*o + 12 = -o. Is t a prime number?
True
Let l be (-36)/(-60) + 308/(-5). Let n(t) = 17*t**2 - t. Let f be n(3). Let r = f + l. Is r a composite number?
False
Let o(p) = 15*p + 8. Let l = 56 - 46. Is o(l) prime?
False
Let q = -54 + 66. Is (((-14259)/q)/(-7))/((-2)/(-8)) a prime number?
False
Suppose -2506 = -5*m - y + 2875, -m - 5*y + 1057 = 0. Is m prime?
False
Suppose -1951451 = -51*t - 10*t. Is t composite?
False
Suppose -693*x = -694*x + 3659. Is x a prime number?
True
Let l(j) = j**2 + 14*j + 19. Let v be l(-13). Suppose -4*f - 3*u + 9 = 0, -v*f + f + 5*u + 20 = 0. Is ((-2266)/(-66))/(1/f) a prime number?
True
Let s = 17 - 13. Suppose -635 = -v - s*v. Is v prime?
True
Is (38271/33)/((-23)/(-253)) prime?
True
Let c(d) = 2*d - 12. Let a be c(7). Suppose 7*h + 2*k = 2*h + 12, a*h = -k + 5. Suppose -h*m = y - 16, 17 = 2*m + m - 2*y. Is m composite?
False
Let r = -13 - -16. Suppose -r*s - 2*b + 7 = 1, 3*b = s - 2. Suppose 3*z + 1339 = m + z, 0 = 2*z + s. Is m prime?
False
Let q(t) = -113*t - 4. Let j(f) = -f**2 - 4*f - 3. Let h be j(-4). Is q(h) prime?
False
Let i be 4/(-10) - (-30)/(-50). Is (i - 1)/((-2)/586*2) a composite number?
False
Let z = 240 + 32. Let q = z - 13. Is q a composite number?
True
Let a = -9 - -19. Suppose 13 = r + a. Suppose -r*k = 236 - 854. Is k composite?
True
Let h = 6 + -4. Let c(w) = 3*w**2 - 15*w + 15. Let g be c(11). Suppose 9*u = -h*p + 4*u + 456, 0 = p - 5*u - g. Is p prime?
True
Suppose -2*s - 2*r = -38252, 0*s - s - 3*r = -19136. Is s composite?
False
Suppose 4*i = 1085 - 345. Suppose 4*g - i = -581. Let u = 186 + g. Is u a prime number?
False
Let q = 1288 - 3281. Let v = -1194 - q. Is v a prime number?
False
Let i(x) = -x**3 - x**2 - x + 2. Let t be i(0). Suppose -t*k + 6 - 170 = 0. Let g = k - -209. Is g a prime number?
True
Let f(d) = 303*d**2 - 4*d - 3. Is f(-4) a composite number?
False
Let z = 63768 + -37897. Is z a prime number?
False
Suppose 3*x - 13 = -2*r, -19*x - 3*r = -17*x - 7. Suppose 5*z + 3486 = 5*o + 151, -2*z - 1314 = 3*o. Is (z/(-9))/(x/15) prime?
False
Let d(c) = c**2 - c + 7. Let o = 12 + -18. Let q = 7 - o. Is d(q) composite?
False
Is (-5886)/(-6) - 1 - (3 - 2) composite?
True
Let v(u) = -u**3 - 14*u**2 - 15*u - 19. Let t be 100/(-8) + 4/(-8). Let r be v(t). Suppose -764 = 3*h - r*h. Is h composite?
False
Suppose n - 5*n + 64 = 0. Let i = -12 + n. Let g(d) = d**2 + 4*d - 1. Is g(i) prime?
True
Suppose -5*l - 24 = -2*t, 24 = 2*t - 0*l - l. Let z(f) = 16*f - 7 + 20 - t. Is z(2) composite?
True
Is 3*-1 + (6 - (-43700)/5) prime?
False
Let y(t) be the first derivative of 226*t**3 - 3*t**2/2 - 2*t + 29. Is y(-1) composite?
True
Let p(a) be the third derivative of -29*a**4/24 + 5*a**3 - 11*a**2. Is p(-17) composite?
False
Suppose 3*r - 37158 = -12369. Is r composite?
False
Let z(y) = 23*y - 23. Let s be z(16). Let p be 4/4 + 124 + -2. Suppose 3*x + 148 = u, 3*u - x = p + s. Is u prime?
True
Let g be (24/(-9))/((-1)/3). Let x = 15 + g. Is x a composite number?
False
Let q(t) be the second derivative of t**7/1260 - t**6/72 - t**5/8 + 2*t**4/3 - 12*t. Let o(n) be the third derivative of q(n). Is o(8) a composite number?
True
Let c(w) = -w**3 + 13*w**2 + 4*w + 8. Let n be c(6). Suppose -366 + 11 = -5*h + 4*q, 4*h - n = 4*q. Is -2 + (-6)/(-3) + h a composite number?
False
Let v(y) = 291*y + 10. Let i be v(6). Let w = -810 + i. Let m = -629 + w. Is m a prime number?
True
Let h(s) = -3*s**2 + 3353. Suppose -n + 4 + 6 = -5*u, -3*n + 4*u + 8 = 0. Is h(n) prime?
False
Let n = 312 + -905. Let l = 4438 + n. Is l prime?
False
Suppose 2*v - 1872 = 3*f, 4*f + 0 = -8. Suppose -3*p + v = -0*p. Is p a prime number?
True
Suppose 4*b - 45 = -r, 4*b + 5*r = -b + 75. Let a be (5/b)/((-1)/12). Let i(u) = -u + 8. Is i(a) prime?
False
Suppose 0 = -4*h - 66 - 1566. Let q = 273 - h. Is q a prime number?
False
Let k = 8 + -4. Suppose -k*c - 2*c + 1152 = 0. Let o = c - 77. Is o a composite number?
True
Let n(o) be the third derivative of o**5/5 + o**4/4 + o**3/2 - 5*o**2. Let b be n(-5). Suppose -q + b = 2*q. Is q a prime number?
False
Let z(v) = 0 + v + 3 + 3 - 1 + v**2. Is z(-18) composite?
False
Let c = -184 + 314. Suppose -5*t + c = z, -3*t + 83 = z + 7. Is t - (4 + 12/(-4)) a composite number?
True
Let s be (-10)/4*1*-2. Suppose 5*m + y = 6996, -4*y + 0*y - 6991 = -s*m. Is m a composite number?
False
Let c = -24 - -16. Let z be 3 - (3 - (-2 - c)). Let a(j) = 10*j - 1. Is a(z) a composite number?
False
Is 1936 + (26/(-4) + 6)*10 a composite number?
False
Let f(p) = 31*p**2 - 48*p - 9. Is f(8) composite?
True
Let g(x) = x**3 + 20*x**2 + 21*x + 39. Let p be g(-19). Is 1*3/((-12)/(-1324))*p composite?
False
Let c = -18 - -23. Let t = c + -2. Suppose -4*y - 57 = -g + 6, -2*g - t*y = -181. Is g a prime number?
True
Let w(y) = 3566*y**3 + y**2 - 12*y + 15. Is w(2) composite?
True
Let x(h) = -39 + 3*h - 2 + 76. Is x(0) a composite number?
True
Let v = -4804 + 7571. Is v composite?
False
Is 20/12 - 66742/(-3) a composite number?
True
Suppose 0 = 8*g - 4553 - 351. Is g a prime number?
True
Let v = -3 - -5. Let t = 4 + v. Is (t/(-3))/(2/(-49)) prime?
False
Let p = 7 - 4. Let m(v) = 18*v**2 - 4*v - 1. Is m(p) prime?
True
Let f(q) = -q - 1. Let m be f(-1). Suppose 3237 = 5*n - 2*h, -2*n - 2*n - 4*h + 2612 = m. Is n a prime number?
False
Let y(z) = z**2 - 4*z + 1. Let c be y(4). Let t(v) = -v - 1. Let o(u) = u**2 + 19*u. Let j(a) = c*o(a) + t(a). Is j(12) prime?
True
Let p(t) = t**3 - 14*t**2 + 15*t + 13. Let l